e prime factors of 3518?
2, 1759
What are the prime factors of 4254?
2, 3, 709
What are the prime factors of 724?
2, 181
What are the prime factors of 27876?
2, 3, 23, 101
What are the prime factors of 2291?
29, 79
What are the prime factors of 47198?
2, 23599
What are the prime factors of 9494?
2, 47, 101
List the prime factors of 756.
2, 3, 7
What are the prime factors of 1528?
2, 191
List the prime factors of 1530.
2, 3, 5, 17
List the prime factors of 98530.
2, 5, 59, 167
List the prime factors of 101746.
2, 50873
List the prime factors of 3055.
5, 13, 47
What are the prime factors of 6323?
6323
List the prime factors of 11247.
3, 23, 163
What are the prime factors of 32433?
3, 19, 569
What are the prime factors of 3547?
3547
List the prime factors of 6882.
2, 3, 31, 37
List the prime factors of 44183.
17, 23, 113
What are the prime factors of 299?
13, 23
List the prime factors of 3949.
11, 359
What are the prime factors of 1361?
1361
What are the prime factors of 22307?
22307
List the prime factors of 3499.
3499
What are the prime factors of 7076?
2, 29, 61
List the prime factors of 16848.
2, 3, 13
What are the prime factors of 94655?
5, 11, 1721
What are the prime factors of 801?
3, 89
List the prime factors of 46970.
2, 5, 7, 11, 61
What are the prime factors of 2094?
2, 3, 349
List the prime factors of 4168.
2, 521
List the prime factors of 7968.
2, 3, 83
What are the prime factors of 2689?
2689
What are the prime factors of 1560?
2, 3, 5, 13
What are the prime factors of 5261?
5261
List the prime factors of 3982.
2, 11, 181
What are the prime factors of 15391?
15391
List the prime factors of 1707.
3, 569
List the prime factors of 1337.
7, 191
What are the prime factors of 57199?
47, 1217
List the prime factors of 3616.
2, 113
What are the prime factors of 321?
3, 107
List the prime factors of 20441.
20441
What are the prime factors of 469?
7, 67
List the prime factors of 6443.
17, 379
What are the prime factors of 30989?
7, 19, 233
What are the prime factors of 13202?
2, 7, 23, 41
List the prime factors of 2428.
2, 607
List the prime factors of 1847.
1847
What are the prime factors of 2050?
2, 5, 41
What are the prime factors of 5742?
2, 3, 11, 29
List the prime factors of 4291.
7, 613
List the prime factors of 764.
2, 191
What are the prime factors of 103095?
3, 5, 29, 79
What are the prime factors of 11327?
47, 241
What are the prime factors of 2528?
2, 79
What are the prime factors of 3846?
2, 3, 641
What are the prime factors of 8853?
3, 13, 227
List the prime factors of 135.
3, 5
What are the prime factors of 79302?
2, 3, 13217
What are the prime factors of 6496?
2, 7, 29
List the prime factors of 2625.
3, 5, 7
What are the prime factors of 19003?
31, 613
What are the prime factors of 108807?
3, 36269
What are the prime factors of 5492?
2, 1373
List the prime factors of 8220.
2, 3, 5, 137
List the prime factors of 75524.
2, 79, 239
What are the prime factors of 671?
11, 61
What are the prime factors of 2727?
3, 101
List the prime factors of 46714.
2, 23357
List the prime factors of 53865.
3, 5, 7, 19
List the prime factors of 1659.
3, 7, 79
List the prime factors of 27426.
2, 3, 7, 653
What are the prime factors of 1738?
2, 11, 79
List the prime factors of 52747.
52747
List the prime factors of 113276.
2, 28319
What are the prime factors of 50516?
2, 73, 173
List the prime factors of 52903.
52903
List the prime factors of 1520.
2, 5, 19
List the prime factors of 1006.
2, 503
List the prime factors of 5178.
2, 3, 863
List the prime factors of 53425.
5, 2137
List the prime factors of 1258.
2, 17, 37
List the prime factors of 2639.
7, 13, 29
List the prime factors of 122668.
2, 7, 13, 337
List the prime factors of 3271.
3271
List the prime factors of 379.
379
List the prime factors of 6548.
2, 1637
List the prime factors of 29418.
2, 3, 4903
What are the prime factors of 66841?
66841
What are the prime factors of 14705?
5, 17, 173
List the prime factors of 1379.
7, 197
What are the prime factors of 1395?
3, 5, 31
What are the prime factors of 5007?
3, 1669
List the prime factors of 2811.
3, 937
List the prime factors of 1033.
1033
List the prime factors of 2139.
3, 23, 31
List the prime factors of 109501.
7, 15643
What are the prime factors of 16597?
7, 2371
What are the prime factors of 2019?
3, 673
List the prime factors of 18553.
18553
List the prime factors of 2807.
7, 401
What are the prime factors of 29993?
89, 337
What are the prime factors of 15751?
19, 829
What are the prime factors of 973?
7, 139
What are the prime factors of 4185?
3, 5, 31
What are the prime factors of 12670?
2, 5, 7, 181
List the prime factors of 21051.
3, 2339
List the prime factors of 9108.
2, 3, 11, 23
What are the prime factors of 6730?
2, 5, 673
List the prime factors of 408.
2, 3, 17
What are the prime factors of 4936?
2, 617
List the prime factors of 13223.
7, 1889
List the prime factors of 1090.
2, 5, 109
List the prime factors of 4002.
2, 3, 23, 29
List the prime factors of 566.
2, 283
List the prime factors of 11354.
2, 7, 811
List the prime factors of 61812.
2, 3, 17, 101
What are the prime factors of 811?
811
List the prime factors of 5749.
5749
What are the prime factors of 9?
3
What are the prime factors of 6088?
2, 761
What are the prime factors of 1375?
5, 11
List the prime factors of 229.
229
List the prime factors of 62426.
2, 7, 13
List the prime factors of 7131.
3, 2377
List the prime factors of 1393.
7, 199
What are the prime factors of 5394?
2, 3, 29, 31
List the prime factors of 7321.
7321
What are the prime factors of 105260?
2, 5, 19, 277
What are the prime factors of 7780?
2, 5, 389
What are the prime factors of 14333?
11, 1303
List the prime factors of 1607.
1607
List the prime factors of 12278.
2, 7, 877
What are the prime factors of 1260?
2, 3, 5, 7
List the prime factors of 10673.
13, 821
List the prime factors of 32679.
3, 3631
List the prime factors of 24622.
2, 13, 947
List the prime factors of 3285.
3, 5, 73
What are the prime factors of 2406?
2, 3, 401
What are the prime factors of 681?
3, 227
What are the prime factors of 28348?
2, 19, 373
List the prime factors of 39514.
2, 23, 859
What are the prime factors of 15085?
5, 7, 431
What are the prime factors of 24862?
2, 31, 401
What are the prime factors of 30250?
2, 5, 11
List the prime factors of 7051.
11, 641
List the prime factors of 924.
2, 3, 7, 11
What are the prime factors of 3182?
2, 37, 43
What are the prime factors of 5276?
2, 1319
What are the prime factors of 5770?
2, 5, 577
List the prime factors of 47681.
47681
List the prime factors of 36176.
2, 7, 17, 19
List the prime factors of 14071.
14071
List the prime factors of 23276.
2, 11, 23
List the prime factors of 39819.
3, 13, 1021
What are the prime factors of 344?
2, 43
What are the prime factors of 9640?
2, 5, 241
List the prime factors of 5252.
2, 13, 101
What are the prime factors of 64914?
2, 3, 31, 349
What are the prime factors of 85966?
2, 53, 811
What are the prime factors of 1414?
2, 7, 101
What are the prime factors of 1702?
2, 23, 37
List the prime factors of 59041.
17, 23, 151
What are the prime factors of 15?
3, 5
What are the prime factors of 78023?
11, 41, 173
What are the prime factors of 2616?
2, 3, 109
List the prime factors of 53229.
3, 11, 1613
What are the prime factors of 142937?
19, 7523
List the prime factors of 34326.
2, 3, 1907
What are the prime factors of 44391?
3, 14797
List the prime factors of 3115.
5, 7, 89
List the prime factors of 51044.
2, 7, 1823
What are the prime factors of 1548?
2, 3, 43
What are the prime factors of 2635?
5, 17, 31
What are the prime factors of 1886?
2, 23, 41
List the prime factors of 20439.
3, 757
List the prime factors of 6817.
17, 401
What are the prime factors of 45?
3, 5
What are the prime factors of 2522?
2, 13, 97
List the prime factors of 924.
2, 3, 7, 11
List the prime factors of 25.
5
List the prime factors of 46922.
2, 29, 809
List the prime factors of 42995.
5, 8599
List the prime factors of 2655.
3, 5, 59
What are the prime factors of 11922?
2, 3, 1987
What are the prime factors of 57325?
5, 2293
What are the prime factors of 39227?
39227
What are the prime factors of 5250?
2, 3, 5, 7
List the prime factors of 28391.
11, 29, 89
Li